53.
1451
Calculate the greatest common factor of 956740 and 40.
20
What is the greatest common divisor of 2895364 and 2710?
542
Calculate the greatest common factor of 6522 and 486.
6
Calculate the greatest common factor of 186039 and 9.
9
What is the greatest common factor of 16709 and 649?
11
Calculate the highest common divisor of 8768 and 3151.
137
Calculate the greatest common factor of 106078 and 7.
7
Calculate the greatest common factor of 121 and 68123.
121
What is the highest common factor of 1900 and 16?
4
What is the highest common factor of 54805 and 3007?
97
What is the highest common divisor of 1309872 and 87?
87
What is the greatest common factor of 230 and 148258?
46
Calculate the greatest common factor of 60 and 42396.
12
What is the greatest common divisor of 22356774 and 66?
66
What is the greatest common factor of 935 and 30?
5
What is the highest common divisor of 207 and 44829?
9
Calculate the greatest common divisor of 30 and 23148.
6
What is the greatest common factor of 76 and 14877190?
38
What is the highest common factor of 572 and 1300?
52
What is the greatest common divisor of 152 and 681112?
152
Calculate the greatest common factor of 624 and 812604.
156
Calculate the greatest common factor of 17253 and 45.
9
Calculate the greatest common divisor of 32661 and 24639.
573
Calculate the greatest common divisor of 22177 and 24187.
67
Calculate the greatest common divisor of 45 and 3622110.
15
What is the highest common factor of 2373280 and 390?
130
What is the greatest common divisor of 408 and 15555?
51
Calculate the greatest common factor of 11 and 455389.
11
What is the highest common divisor of 127772 and 408?
68
What is the greatest common divisor of 334 and 410653?
167
What is the greatest common factor of 1919313 and 99?
99
What is the highest common factor of 1581647 and 983?
983
What is the greatest common divisor of 8082 and 8352?
18
Calculate the highest common divisor of 45615 and 30.
15
What is the greatest common divisor of 16 and 7181600?
16
Calculate the greatest common factor of 444 and 166056.
444
Calculate the greatest common factor of 297724 and 5332.
124
What is the highest common divisor of 1071 and 8160?
51
What is the highest common factor of 128 and 58720?
32
What is the highest common factor of 113336 and 248?
248
Calculate the highest common factor of 147 and 1059618.
21
Calculate the greatest common divisor of 58208 and 816.
272
What is the highest common factor of 56 and 12376?
56
Calculate the highest common factor of 256886 and 118.
118
Calculate the highest common divisor of 27 and 318789.
27
What is the greatest common factor of 1 and 19699?
1
Calculate the greatest common divisor of 588 and 74116.
28
What is the highest common factor of 34260 and 804?
12
Calculate the greatest common divisor of 87 and 5083149.
87
Calculate the greatest common divisor of 1143 and 27559.
127
Calculate the greatest common divisor of 12886 and 544.
34
What is the greatest common divisor of 8786 and 764?
382
What is the greatest common factor of 80514 and 28?
14
What is the highest common factor of 164 and 31447?
41
What is the greatest common factor of 94 and 4043786?
94
What is the greatest common divisor of 2238 and 390158?
746
Calculate the highest common divisor of 2940 and 65.
5
What is the greatest common divisor of 21242 and 129?
43
What is the highest common factor of 298180 and 6460?
340
Calculate the highest common divisor of 234 and 2592.
18
Calculate the greatest common divisor of 119 and 61586.
7
What is the greatest common factor of 471 and 9104587?
157
Calculate the greatest common factor of 3714 and 30.
6
What is the highest common factor of 32294 and 4579?
241
Calculate the highest common factor of 17110393 and 1273.
1273
Calculate the highest common factor of 5084 and 4920.
164
Calculate the highest common factor of 30 and 607605.
15
Calculate the greatest common divisor of 931 and 380.
19
What is the highest common divisor of 7488 and 82914?
78
Calculate the highest common divisor of 2947050 and 375.
75
What is the highest common factor of 240 and 13488?
48
What is the highest common factor of 42012 and 864?
108
What is the greatest common factor of 14911 and 3367?
481
What is the greatest common factor of 990245 and 1095?
365
Calculate the greatest common divisor of 530 and 10240.
10
What is the highest common divisor of 97 and 637387?
97
What is the highest common factor of 267 and 87665?
89
What is the greatest common factor of 1809 and 43952?
67
Calculate the highest common divisor of 246 and 786.
6
Calculate the greatest common divisor of 330 and 25135.
55
What is the greatest common divisor of 14 and 1653540?
14
What is the highest common divisor of 202 and 66?
2
Calculate the greatest common factor of 50 and 129975.
25
Calculate the greatest common divisor of 15120 and 2625.
105
What is the greatest common divisor of 100488 and 316?
316
What is the highest common divisor of 5852 and 231?
77
Calculate the greatest common divisor of 3335 and 6815.
145
Calculate the greatest common divisor of 25176 and 456.
24
What is the greatest common divisor of 1507 and 22?
11
What is the greatest common factor of 16497 and 403?
13
What is the highest common divisor of 5045150 and 2200?
550
Calculate the highest common factor of 1845 and 909.
9
Calculate the greatest common divisor of 10843 and 49.
7
What is the greatest common divisor of 12 and 90966?
6
What is the greatest common divisor of 115058 and 16?
2
Calculate the greatest common factor of 9215 and 23765.
485
Calculate the greatest common divisor of 11354 and 98.
14
Calculate the highest common factor of 8541 and 30879.
657
What is the greatest common divisor of 5922 and 7191?
423
Calculate the highest common divisor of 86941 and 383.
383
What is the greatest common divisor of 26 and 672022?
26
What is the highest common divisor of 90 and 4282290?
90
Calculate the greatest common divisor of 1385 and 999139.
277
What is the greatest common factor of 2851116 and 36?
12
What is the greatest common factor of 1946 and 5600?
14
Calculate the greatest common divisor of 625365 and 4095.
585
What is the greatest common divisor of 6693 and 4656?
291
Calculate the greatest common divisor of 76 and 1538962.
38
Calculate the highest common factor of 4 and 388.
4
Calculate the highest common divisor of 90 and 4910.
10
Calculate the highest common factor of 5364 and 97164.
36
Calculate the greatest common divisor of 102374 and 136.
34
Calculate the greatest common factor of 443 and 113851.
443
What is the greatest common factor of 40378 and 39?
13
What is the highest common divisor of 30895 and 19055?
185
What is the greatest common factor of 63706 and 15794?
106
What is the greatest common divisor of 373 and 991807?
373
Calculate the highest common divisor of 520 and 80.
40
Calculate the highest common divisor of 1871442 and 54.
18
Calculate the greatest common factor of 1029933 and 81.
9
What is the greatest common divisor of 550 and 244475?
275
Calculate the greatest common divisor of 92382 and 24.
6
What is the greatest common divisor of 344 and 978508?
172
Calculate the highest common divisor of 3125 and 560.
5
What is the greatest common factor of 5197320 and 200?
40
Calculate the greatest common factor of 14 and 4721654.
14
Calculate the highest common factor of 40 and 22105.
5
What is the greatest common divisor of 365 and 168265?
365
What is the greatest common divisor of 381 and 73533?
381
What is the greatest common divisor of 585 and 23085?
45
What is the highest common divisor of 1028058 and 102?
102
What is the highest common divisor of 48550 and 50?
50
Calculate the highest common factor of 203827 and 78.
13
Calculate the greatest common divisor of 837 and 289137.
93
Calculate the highest common factor of 348331 and 1141.
163
What is the greatest common divisor of 22 and 441386?
22
Calculate the greatest common factor of 3 and 62143.
1
Calculate the greatest common factor of 18769 and 1507.
137
Calculate the highest common factor of 26412 and 6319.
71
What is the highest common factor of 22832576 and 2111?
2111
What is the greatest common divisor of 70 and 113519?
7
Calculate the highest common factor of 24149 and 451.
41
Calculat